ulate the remainder when 2080 is divided by 1139.
941
Calculate the remainder when 14194 is divided by 710.
704
What is the remainder when 14278 is divided by 4759?
1
Calculate the remainder when 32356 is divided by 40.
36
What is the remainder when 2632 is divided by 2583?
49
What is the remainder when 108819 is divided by 13?
9
What is the remainder when 5097 is divided by 563?
30
Calculate the remainder when 335 is divided by 152.
31
What is the remainder when 23690 is divided by 147?
23
What is the remainder when 1120 is divided by 969?
151
What is the remainder when 15688 is divided by 73?
66
What is the remainder when 15015 is divided by 154?
77
Calculate the remainder when 148222 is divided by 610.
602
What is the remainder when 2608 is divided by 1251?
106
What is the remainder when 5944 is divided by 2947?
50
Calculate the remainder when 14844 is divided by 297.
291
Calculate the remainder when 41797 is divided by 6.
1
What is the remainder when 164918 is divided by 19?
17
Calculate the remainder when 2254971 is divided by 499.
489
Calculate the remainder when 985 is divided by 920.
65
What is the remainder when 510087 is divided by 735?
732
What is the remainder when 72271 is divided by 40?
31
Calculate the remainder when 438356 is divided by 181.
155
Calculate the remainder when 29483 is divided by 7289.
327
What is the remainder when 2372966 is divided by 57?
56
What is the remainder when 1423 is divided by 34?
29
What is the remainder when 2985 is divided by 1715?
1270
Calculate the remainder when 26933 is divided by 657.
653
What is the remainder when 198194 is divided by 429?
425
Calculate the remainder when 3367 is divided by 162.
127
Calculate the remainder when 13207 is divided by 42.
19
What is the remainder when 1784117 is divided by 73?
70
Calculate the remainder when 6454 is divided by 6418.
36
Calculate the remainder when 85260 is divided by 41.
21
Calculate the remainder when 3236 is divided by 2982.
254
Calculate the remainder when 117006 is divided by 32.
14
Calculate the remainder when 2112845 is divided by 43.
40
Calculate the remainder when 52765 is divided by 143.
141
What is the remainder when 714080 is divided by 81?
65
Calculate the remainder when 5599 is divided by 105.
34
Calculate the remainder when 478 is divided by 476.
2
What is the remainder when 145228 is divided by 33?
28
What is the remainder when 7708 is divided by 1101?
1
Calculate the remainder when 3920 is divided by 1711.
498
Calculate the remainder when 328033 is divided by 278.
271
What is the remainder when 2495 is divided by 496?
15
Calculate the remainder when 1536 is divided by 110.
106
Calculate the remainder when 23253 is divided by 11.
10
What is the remainder when 5598 is divided by 2716?
166
Calculate the remainder when 941 is divided by 295.
56
What is the remainder when 852445 is divided by 236?
13
What is the remainder when 168727 is divided by 286?
273
What is the remainder when 2422 is divided by 542?
254
What is the remainder when 1054554 is divided by 16?
10
Calculate the remainder when 529339 is divided by 995.
994
What is the remainder when 41828 is divided by 18?
14
Calculate the remainder when 124302 is divided by 41426.
24
What is the remainder when 17009 is divided by 255?
179
What is the remainder when 1352 is divided by 270?
2
Calculate the remainder when 4442 is divided by 25.
17
Calculate the remainder when 12983 is divided by 2595.
8
What is the remainder when 6315 is divided by 2089?
48
What is the remainder when 13498 is divided by 6735?
28
Calculate the remainder when 7839 is divided by 109.
100
What is the remainder when 9456 is divided by 1171?
88
Calculate the remainder when 1675 is divided by 415.
15
Calculate the remainder when 12278 is divided by 189.
182
Calculate the remainder when 20733 is divided by 6897.
42
What is the remainder when 51222 is divided by 51191?
31
Calculate the remainder when 320 is divided by 28.
12
What is the remainder when 363863 is divided by 12?
11
What is the remainder when 15132 is divided by 170?
2
Calculate the remainder when 4876585 is divided by 649.
648
Calculate the remainder when 58478 is divided by 14586.
134
Calculate the remainder when 1812 is divided by 592.
36
Calculate the remainder when 12985 is divided by 34.
31
What is the remainder when 1155 is divided by 462?
231
Calculate the remainder when 67130 is divided by 67099.
31
What is the remainder when 343 is divided by 87?
82
Calculate the remainder when 1310 is divided by 68.
18
Calculate the remainder when 281 is divided by 57.
53
Calculate the remainder when 340 is divided by 240.
100
What is the remainder when 306 is divided by 95?
21
What is the remainder when 892 is divided by 179?
176
Calculate the remainder when 154378 is divided by 1308.
34
What is the remainder when 346685 is divided by 16?
13
Calculate the remainder when 311023 is divided by 825.
823
What is the remainder when 5946514 is divided by 223?
219
Calculate the remainder when 227070 is divided by 75674.
48
What is the remainder when 1902 is divided by 907?
88
What is the remainder when 609 is divided by 551?
58
Calculate the remainder when 3832 is divided by 83.
14
Calculate the remainder when 81011 is divided by 40505.
1
Calculate the remainder when 5103 is divided by 142.
133
Calculate the remainder when 6656 is divided by 616.
496
Calculate the remainder when 4261 is divided by 51.
28
What is the remainder when 87890 is divided by 6758?
36
What is the remainder when 2677 is divided by 245?
227
Calculate the remainder when 2514 is divided by 412.
42
What is the remainder when 15039 is divided by 307?
303
What is the remainder when 15836 is divided by 7900?
36
What is the remainder when 116412 is divided by 38748?
168
Calculate the remainder when 3681 is divided by 320.
161
Calculate the remainder when 156502 is divided by 24.
22
Calculate the remainder when 3372 is divided by 141.
129
Calculate the remainder when 1123 is divided by 374.
1
Calculate the remainder when 19197 is divided by 2732.
73
Calculate the remainder when 7146 is divided by 2150.
696
What is the remainder when 481 is divided by 23?
21
Calculate the remainder when 1841 is divided by 74.
65
Calculate the remainder when 4869 is divided by 541.
0
Calculate the remainder when 9798 is divided by 363.
360
Calculate the remainder when 5107 is divided by 146.
143
What is the remainder when 11382 is divided by 2765?
322
What is the remainder when 1517 is divided by 405?
302
What is the remainder when 2024 is divided by 487?
76
Calculate the remainder when 1724 is divided by 416.
60
Calculate the remainder when 38595 is divided by 270.
255
What is the remainder when 2898 is divided by 53?
36
What is the remainder when 124061 is divided by 97?
95
Calculate the remainder when 17272 is divided by 959.
10
What is the remainder when 9286 is divided by 4640?
6
Calculate the remainder when 4056 is divided by 54.
6
Calculate the remainder when 241495 is divided by 46.
41
Calculate the remainder when 63041 is divided by 15.
11
Calculate the remainder when 35740 is divided by 111.
109
Calculate the remainder when 59472 is divided by 15.
12
What is the remainder when 3580 is divided by 594?
16
Calculate the remainder when 231573 is divided by 367.
363
Calculate the remainder when 2043703 is divided by 86.
85
What is the remainder when 11114 is divided by 5543?
28
What is the remainder when 402845 is divided by 153?
149
What is the remainder when 765 is divided by 44?
17
Calculate the remainder when 216 is divided by 205.
11
What is the remainder when 615 is divided by 106?
85
What is the remainder when 624 is divided by 237?
150
Calculate the remainder when 2281 is divided by 35.
6
Calculate the remainder when 151349 is divided by 50440.
29
What is the remainder when 776 is divided by 325?
126
Calculate the remainder when 1444 is divided by 471.
31
What is the remainder when 9439 is divided by 1173?
55
What is the remainder when 136706 is divided by 93?
89
Calculate the remainder when 35188 is divided by 1533.
1462
Calculate the remainder when 24434 is divided by 1062.
8
What is the remainder when 9179 is divided by 54?
53
What is the remainder when 145043 is divided by 948?
947
What is the r